{"id":569,"date":"2020-10-01T09:51:50","date_gmt":"2020-10-01T09:51:50","guid":{"rendered":"https:\/\/www.um.edu.mt\/projects\/mywave\/?page_id=569"},"modified":"2021-01-18T16:05:43","modified_gmt":"2021-01-18T16:05:43","slug":"publications","status":"publish","type":"page","link":"https:\/\/www.um.edu.mt\/projects\/mywave\/studies\/publications\/","title":{"rendered":"Publications"},"content":{"rendered":"\n<p style=\"font-size:12px\"><em>If you are planning a publication that resulted from COST MyWAVE make sure that you acknowledge our Action using for example,<\/em><\/p>\n\n\n\n<p class=\"has-text-align-center\" style=\"font-size:12px\"><em>&#8220;This work has been developed within the framework of COST Action MyWAVE CA17115.&#8221;<\/em><\/p>\n\n\n\n<p><\/p>\n\n\n\n<p><\/p>\n\n\n\n<p>Below is a list of publications that resulted from COST MyWAVE activities.<\/p>\n\n\n\n<p>Quantification of thermal dose in moderate clinical hyperthermia with radiotherapy: A relook using temperature-time area under the curve. (Link to be provided once it&#8217;s published on the internet)<\/p>\n\n\n\n<p><a href=\"https:\/\/link.springer.com\/chapter\/10.1007\/978-3-030-64610-3_61\" target=\"_blank\" rel=\"noreferrer noopener\">Silva NP, Bottiglieri A, Porter E, O\u2019Halloran M, Farina L. <strong>Evaluation of thermal properties of ex vivo kidney up to ablative temperatures.<\/strong> InEuropean Medical and Biological Engineering Conference 2020 Nov 29 (pp. 537-543). Springer, Cham.<\/a><\/p>\n\n\n\n<p><a href=\"https:\/\/www.mdpi.com\/2072-6694\/13\/1\/31\" target=\"_blank\" rel=\"noreferrer noopener\">Feddersen TV, Hernandez-Tamames JA, Franckena M, van Rhoon GC, Paulides MM. <strong>Clinical Performance and Future Potential of Magnetic Resonance Thermometry in Hyperthermia.<\/strong> Cancers. 2021 Jan;13(1):31.<\/a><\/p>\n\n\n\n<p><a rel=\"noreferrer noopener\" href=\"https:\/\/pubmed.ncbi.nlm.nih.gov\/32229271\/\" target=\"_blank\">Paulides MM, Trefna HD, Curto S, Rodrigues DB. <strong>Recent technological advancements in radiofrequency-and microwave-mediated hyperthermia for enhancing drug delivery.<\/strong> Advanced Drug Delivery Reviews. 2020 Mar 27.<\/a><\/p>\n\n\n\n<p><a href=\"https:\/\/www.mdpi.com\/1424-8220\/20\/8\/2400\">Ruvio G, Solimene R, Cuccaro A, Fiaschetti G, Fagan AJ, Cournane S, Cooke J, Ammann MJ, Tobon J, Browne JE. <strong>Multimodal Breast Phantoms for Microwave, Ultrasound, Mammography, Magnetic Resonance and Computed Tomography Imaging.<\/strong> Sensors. 2020 Jan;20(8):2400.<\/a><\/p>\n\n\n\n<p><a href=\"https:\/\/ieeexplore.ieee.org\/iel7\/9127589\/9135070\/09135896.pdf?casa_token=bi_SUN94J2MAAAAA:ysxVYt0121O2_O_uYClWrigJgORllOneDEJc283Z9Ff0Ho1CitWxW6p5hdOyWg6NWSGxP8WxBQ\">I\u0161tuk N, McDermott B, Porter E, Santorelli A, Abedi S, O\u2019Halloran M, Joachimowicz N, Roussel H. Detailed <strong>Dielectric Characterisation of the Heart and Great Vessels.<\/strong> In2020 14th European Conference on Antennas and Propagation (EuCAP) 2020 Mar 15 (pp. 1-5). IEEE.<\/a><\/p>\n\n\n\n<p><a href=\"http:\/\/www.ursi.org\/proceedings\/procGA20\/papers\/YSASummaryIstukN.pdf\">I\u0161tuk N, Bottiglieri A, Porter E, O\u2019Halloran M, Farina L. <strong>Changes in the Dielectric Properties of ex-vivo Ovine Kidney Before and After Microwave Thermal Ablation.<\/strong> In2020 XXXIIIrd General Assembly and Scientific Symposium of the International Union of Radio Science (pp. 1-4). IEEE.<\/a><\/p>\n\n\n\n<p><a href=\"https:\/\/ieeexplore.ieee.org\/document\/9135971\/authors#authors\">Di Meo S, Bonello J, Lodi MB, Farhat I, Farrugia L, Fanti A, Pasian M, Desogus F, Sammut CV. <strong>On the dielectric\/thermal characterization and calibration of solutions and materials for biomedical applications.<\/strong> In2020 14th European Conference on Antennas and Propagation (EuCAP) 2020 Mar 15 (pp. 1-4). IEEE.<\/a><\/p>\n\n\n\n<p><a href=\"https:\/\/www.mdpi.com\/1424-8220\/20\/10\/3004\">Silva NP, Bottiglieri A, Concei\u00e7\u00e3o RC, O&#8217;Halloran M, Farina L. <strong>Characterisation of Ex Vivo Liver Thermal Properties for Electromagnetic-Based Hyperthermic Therapies<\/strong>. Sensors. 2020 Jan;20(10):3004.<\/a><\/p>\n\n\n\n<p><a href=\"https:\/\/ieeexplore.ieee.org\/abstract\/document\/9135854?casa_token=OZedU5tI5rEAAAAA:L4YpwDIobi3xWtnzmEB4Eq8vCmRC4rse2ktz2ukc1mY1NwoybuXfgjFaQTtf4HYer4LEW9gwew\">Silva NP, Bottiglieri A, Concei\u00e7\u00e3o RC, O\u2019Halloran M, Farina L. <strong>Thermal properties of Ex vivo biological tissue at room and body temperature.<\/strong> In2020 14th European Conference on Antennas and Propagation (EuCAP) 2020 Mar 15 (pp. 1-5). IEEE.<\/a><\/p>\n\n\n\n<p><a href=\"https:\/\/www.mdpi.com\/1424-8220\/19\/7\/1707\">Ley S, Schilling S, Fiser O, Vrba J, Sachs J, Helbig M. <strong>Ultra-wideband temperature dependent dielectric spectroscopy of porcine tissue and blood in the microwave frequency range.<\/strong> Sensors. 2019 Jan;19(7):1707.<\/a><\/p>\n\n\n\n<p><a href=\"https:\/\/ieeexplore.ieee.org\/document\/9135633\">Fiser O, Kantova M, Ley S, Prokhorova A, Helbig M, Vrba J. <strong>Advanced Temperature Dielectric Spectroscopy Of Muscle Phantom At Microwave Frequencies.<\/strong> In2020 14th European Conference on Antennas and Propagation (EuCAP) 2020 Mar 15 (pp. 1-4). IEEE.<\/a><\/p>\n\n\n\n<p><a href=\"https:\/\/www.mdpi.com\/1424-8220\/20\/16\/4549\">Farina L, Sumser K, van Rhoon G, Curto S. <strong>Thermal Characterization of Phantoms Used for Quality Assurance of Deep Hyperthermia Systems. <\/strong>Sensors. 2020 Jan;20(16):4549.<\/a><\/p>\n\n\n\n<p><a href=\"https:\/\/ieeexplore.ieee.org\/document\/9017640\">Di Meo S, Farhat I, Bonello J, Farrugia L, Pasian M, Sammut CV. <strong>Hydration as Classifier of Dielectric Measurement Data from 500 MHz to 50 GHz.<\/strong> In2019 PhotonIcs &amp; Electromagnetics Research Symposium-Spring (PIERS-Spring) 2019 Jun 17 (pp. 1416-1423). IEEE.<\/a><\/p>\n\n\n\n<p><a href=\"https:\/\/www.mdpi.com\/1424-8220\/20\/13\/3756\">Cavagnaro M, Ruvio G. <strong>Numerical Sensitivity Analysis for Dielectric Characterization of Biological Samples by Open-Ended Probe Technique. <\/strong>Sensors. 2020 Jan;20(13):3756.<\/a><\/p>\n\n\n\n<p><a href=\"https:\/\/ieeexplore.ieee.org\/document\/9135226\">Bottiglieri A, Dunne E, McDermott B, Cavagnaro M, Porter E, Farina L. <strong>Monitoring Microwave Thermal Ablation using Electrical Impedance Tomography: an experimental feasibility study.<\/strong> In2020 14th European Conference on Antennas and Propagation (EuCAP) 2020 Mar 15 (pp. 1-5). IEEE.<\/a><\/p>\n\n\n\n<p><a href=\"https:\/\/ieeexplore.ieee.org\/document\/9136071\">Ruvio G, Cavagnaro M. <strong>Effects of choke in minimally-invasive small-profile microwave ablation applicators.<\/strong> In2020 14th European Conference on Antennas and Propagation (EuCAP) 2020 Mar 15 (pp. 1-4). IEEE.<\/a><\/p>\n\n\n\n<p><a href=\"https:\/\/ieeexplore.ieee.org\/document\/9152076\">Sumser K, Bellizzi GG, Forner R, Drizdal T, Tamames JA, Van Rhoon GC, Paulides MM. <strong>Dual-Function MR-guided Hyperthermia: An Innovative Integrated Approach and Experimental Demonstration of Proof of Principle. <\/strong>IEEE Transactions on Biomedical Engineering. 2020 Jul 29.<\/a><\/p>\n\n\n\n<p><a href=\"https:\/\/www.tandfonline.com\/doi\/full\/10.1080\/02656736.2020.1772996\">Bellizzi GG, Sumser K, VilasBoas-Ribeiro I, Curto S, Drizdal T, van Rhoon GC, Franckena M, Paulides MM. <strong>Standardization of patient modeling in hyperthermia simulation studies: introducing the Erasmus Virtual Patient Repository.<\/strong> International Journal of Hyperthermia. 2020 Jan 1;37(1):608-16.<\/a><\/p>\n\n\n\n<p><a href=\"https:\/\/www.mdpi.com\/2072-6694\/12\/9\/2646\">VilasBoas-Ribeiro I, van Rhoon GC, Drizdal T, Franckena M, Paulides MM. <strong>Impact of number of segmented tissues on SAR prediction accuracy in deep pelvic hyperthermia treatment planning.<\/strong> Cancers. 2020 Sep;12(9):2646.<\/a><\/p>\n\n\n\n<p><a href=\"https:\/\/iopscience.iop.org\/article\/10.1088\/1361-6463\/ab27f4\/meta?casa_token=UAMjtR6CuwgAAAAA:mJelNo8vO82FJB-A_E8w-DMAoTso3b-pImmvB8tdTUMfeUW1xm08nihd9ANob6itopBPNhUWJhar\">Gresits I, Thur\u00f3czy G, S\u00e1gi O, Homolya I, Bagam\u00e9ry G, Gaj\u00e1ri D, Babos M, Major P, M\u00e1rkus BG, Simon F. <strong>A highly accurate determination of absorbed power during magnetic hyperthermia.<\/strong> Journal of Physics D: Applied Physics. 2019 Jul 12;52(37):375401.<\/a><\/p>\n\n\n\n<p><a href=\"https:\/\/ieeexplore.ieee.org\/abstract\/document\/8879028\">Di Meo S, Bonello J, Farhat I, Farrugia L, Pasian M, Sammut CV, Matrone G. <strong>Preliminary study on the inter-and intra-species variability for the dielectric permittivity of animal kidney.<\/strong> In2019 International Conference on Electromagnetics in Advanced Applications (ICEAA) 2019 Sep 9 (pp. 1208-1208). IEEE.<\/a><\/p>\n\n\n\n<p><a href=\"https:\/\/ieeexplore.ieee.org\/abstract\/document\/9135361?casa_token=HcX8vrJqFBMAAAAA:RtQiPdYAck2CJ2IC8_Fry6xRz5HgoUmNC2tVkIiaiqW-7TNAt4NwAZYe_EtbXnJAJdkOwKx8jA\">I\u0161tuk N, Kienberger F, Porter E, O\u2019Halloran M, Santorelli A, Ali\u0107 I, Ragulskis M, Moradpour A, Kasper M. <strong>Fast Measurements of Dielectric Properties with Small Size Microwave Transceiver.<\/strong> In2020 14th European Conference on Antennas and Propagation (EuCAP) 2020 Mar 15 (pp. 1-5). IEEE.<\/a><\/p>\n\n\n\n<p><a href=\"https:\/\/ieeexplore.ieee.org\/abstract\/document\/8897664?casa_token=Y7F4yduKYPUAAAAA:Il2jsJ2JR3ky89sTi1cALyDrFPbg3n5YsZIfGsMySu1i1jm4yvsESTVaglDEBpOtuDzdLG-m3g\">Maenhout G, Santorelli A, Porter E, Ocket I, Markovic T, Nauwelaers B. <strong>Effect of Dehydration on Dielectric Measurements of Biological Tissue as Function of Time.<\/strong> IEEE Journal of Electromagnetics, RF and Microwaves in Medicine and Biology. 2019 Nov 13.<\/a><\/p>\n","protected":false},"excerpt":{"rendered":"<p>If you are planning a publication that resulted from COST MyWAVE make sure that you acknowledge our Action using for example, &#8220;This work has been developed within the framework of COST Action MyWAVE CA17115.&#8221; Below is a list of publications that resulted from COST MyWAVE activities. Quantification of thermal dose in moderate clinical hyperthermia with [&hellip;]<\/p>\n","protected":false},"author":1,"featured_media":0,"parent":563,"menu_order":0,"comment_status":"closed","ping_status":"closed","template":"","meta":{"_acf_changed":false,"footnotes":""},"class_list":["post-569","page","type-page","status-publish","hentry"],"acf":[],"_links":{"self":[{"href":"https:\/\/www.um.edu.mt\/projects\/mywave\/wp-json\/wp\/v2\/pages\/569","targetHints":{"allow":["GET"]}}],"collection":[{"href":"https:\/\/www.um.edu.mt\/projects\/mywave\/wp-json\/wp\/v2\/pages"}],"about":[{"href":"https:\/\/www.um.edu.mt\/projects\/mywave\/wp-json\/wp\/v2\/types\/page"}],"author":[{"embeddable":true,"href":"https:\/\/www.um.edu.mt\/projects\/mywave\/wp-json\/wp\/v2\/users\/1"}],"replies":[{"embeddable":true,"href":"https:\/\/www.um.edu.mt\/projects\/mywave\/wp-json\/wp\/v2\/comments?post=569"}],"version-history":[{"count":32,"href":"https:\/\/www.um.edu.mt\/projects\/mywave\/wp-json\/wp\/v2\/pages\/569\/revisions"}],"predecessor-version":[{"id":961,"href":"https:\/\/www.um.edu.mt\/projects\/mywave\/wp-json\/wp\/v2\/pages\/569\/revisions\/961"}],"up":[{"embeddable":true,"href":"https:\/\/www.um.edu.mt\/projects\/mywave\/wp-json\/wp\/v2\/pages\/563"}],"wp:attachment":[{"href":"https:\/\/www.um.edu.mt\/projects\/mywave\/wp-json\/wp\/v2\/media?parent=569"}],"curies":[{"name":"wp","href":"https:\/\/api.w.org\/{rel}","templated":true}]}}